a**2 + 4*a + 5. Suppose 4*t = t - 15. Let b be m(t). Suppose 5*u - 5*y = u + b, -4*y = -5*u + 267. Is u a prime number?
False
Suppose -1 + 2 = q. Let p = -4 + 6. Is q/p*(2 + 68) a prime number?
False
Is (-1 + 5)*(-33)/(-6) a composite number?
True
Let j = -144 + 357. Let k = 340 - j. Is k composite?
False
Suppose 2*t = r + 5295, 4*r + 8 = 4. Is t composite?
False
Suppose -6*s = -s - 1255. Is s prime?
True
Let w = 7889 + -5320. Is w composite?
True
Let w(f) = f**2 + f - 2. Let o be w(0). Is (2/o)/(9/(-531)) composite?
False
Let n(w) = 25*w**2 + 3*w - 11. Is n(3) a prime number?
True
Suppose -4*k + 3*m = 127, 88 = -3*k + m - 11. Let f(g) = -14*g**2 + g. Let z be f(1). Let x = z - k. Is x prime?
False
Let i = -35 + 57. Let f be (i/(-6))/(1/(-3)). Suppose h = -0*v - 2*v + f, 0 = v + h - 4. Is v a composite number?
False
Is (-3)/(-1 + 0) - -248 prime?
True
Let a be 269 + (-4 - 4/(-2)). Suppose v + a = 2*v. Is v prime?
False
Let f(i) = -i**2 - 4*i + 1. Let g be f(-3). Let j(d) = -g*d**3 - 1 + 3*d**3 - 3*d - 3*d**3. Is j(-2) composite?
False
Let v = 77 + -30. Is v a prime number?
True
Let d(f) = -5*f**2 - 9*f - 2. Let v(i) = 2*i**2 + 5 + 17*i + 2*i**2 + 5*i**2. Let k(q) = 5*d(q) + 3*v(q). Is k(-9) a prime number?
True
Let s(b) = b**2 + 4*b**3 - 3*b + b**2 + 3 + b + b**2. Is s(2) composite?
False
Let h = -53 - -53. Suppose -5*j + 11 + 3 = n, 0 = 4*n - 4*j - 8. Suppose -n*x + 236 = -h*x. Is x a prime number?
True
Let s(a) = a**2 + 10*a + 2. Is s(7) prime?
False
Is (213 - 6)*(-3)/(-9) prime?
False
Suppose -3*z = -1529 + 119. Let m = z + -327. Is m a prime number?
False
Let t(i) = -2*i - 9. Let g = 3 + -10. Let h be t(g). Suppose 5*s - 455 = h*a, -5*a + 93 = 3*s - 180. Is s a prime number?
False
Let o(z) = -186*z**3 - 2*z**2 + 1. Let w(d) = -d + 1. Let j be w(2). Is o(j) composite?
True
Let r(p) be the first derivative of p**4/4 + 4*p**3/3 + 7*p**2/2 - 5*p + 9. Is r(7) a prime number?
False
Is (843 + -4)/((-2)/(-2)) composite?
False
Let k = 356 - 153. Is k a composite number?
True
Let j be 6/(-9) + 2/3. Suppose j*c = 2*c - 22. Let w = c - 0. Is w a composite number?
False
Let o = 30 + -30. Let k(g) = g - 2. Let v be k(5). Suppose v*s - 6*s + 237 = o. Is s a prime number?
True
Suppose -t = 2, -3*s + 802 - 161 = 2*t. Is s prime?
False
Let l(a) = -a**3 + a**2 + a + 272. Let u be l(0). Suppose 3*o - u = 5*f + 361, -4*o + 844 = -5*f. Is o a composite number?
False
Let v(c) = -c + 1. Let r(q) = -q**2 + q + 6. Let i(d) = -r(d) + 3*v(d). Let x be i(5). Suppose -2*b = x*b - 92. Is b a prime number?
True
Let s = 15 - 9. Let j be (14/s)/(2/6). Suppose j*u + 4*i - 161 = 4*u, 0 = 2*u - 5*i - 115. Is u a prime number?
False
Let v(d) = 2*d + 1. Let w be v(1). Suppose 5*a = 4*j - 35, 0*a = w*a + j + 21. Let r(l) = -l**3 - 4*l**2 + 10*l. Is r(a) a composite number?
True
Let c(t) = 34*t + 15. Is c(10) composite?
True
Let k be 10/(-4)*60/(-25). Let w = k + -3. Is w composite?
False
Suppose -2*c + 0*c - 3*a = -725, 0 = -4*c + 5*a + 1483. Suppose 4*b = -w + 865, 4*w + c = 3*b - 258. Is b composite?
True
Let s(t) = 47*t**2 + 8*t + 6. Let x be (-23)/5 + 4/(-10). Is s(x) composite?
True
Suppose 0 = -4*j - 8 + 20. Is j*(-157)/(-9)*3 a composite number?
False
Let k be (-10)/(-2)*(-16)/10. Suppose 5*g = -10, 0*r + 4*g = 2*r - 64. Is (-88)/(-14) + k/r prime?
False
Let r(b) = b**2 + 6*b + 4. Let h be r(-6). Suppose -4*k - 3*j = j - 280, h*j = 12. Is k a composite number?
False
Let z(q) = 9*q**2 + 2*q - 2. Is z(-5) a composite number?
True
Suppose 5*c = 4*c + 7. Let m(q) = 3*q**2 + 2. Is m(c) a prime number?
True
Suppose -3*z + z + 42 = -4*i, 5*i = -4*z + 71. Is z prime?
True
Suppose 4*l = 2*o + 104, -2*o = -2*l + 111 - 11. Let y = o + 157. Suppose -4*r + y = k - 28, -3*r = 5*k - 617. Is k a prime number?
False
Let x be (-102)/(2 + (-1 - 0)). Let l = -33 - x. Is l composite?
True
Let y(r) = r**2 - 3*r - 6. Suppose -6*x + 5 = -5*x. Is y(x) composite?
True
Suppose -2*h + 2*i = 12, 0 = -3*h + 7*h - i + 12. Let m(t) = -5*t - 4*t + 3*t - 1. Is m(h) a prime number?
True
Let t = 25 - -61. Suppose -4*n - 94 = 2*d, 2*n - 123 = 3*d - n. Let y = d + t. Is y composite?
False
Let y(i) = 23*i - 7. Let m = -14 + 25. Let p be y(m). Suppose -w = w - p. Is w composite?
True
Let r = 397 + -80. Is r a prime number?
True
Let x(k) = -k**2 - 5*k - 4. Let g be x(-5). Let q = 6 + g. Suppose -q*u + 76 = 2*u. Is u a composite number?
False
Is 5*1*(-4208)/(-80) a composite number?
False
Let g(x) = -x + 10. Let h be g(6). Suppose 2*i + 0*o + 5 = o, -4*i + h*o = 4. Is 2*(1 + (-10)/i) a composite number?
False
Suppose -5*n = -w + 214, -2*n + 207 = 4*w - 3*w. Is w a composite number?
True
Suppose -s + 2*u = -3, u = -4*s + 3*u + 18. Suppose s*d - 208 = 187. Is d a composite number?
False
Let m(k) be the third derivative of -k**8/20160 - k**7/5040 + 89*k**6/720 + k**5/60 - k**2. Let b(t) be the third derivative of m(t). Is b(0) prime?
True
Let d(x) = x**3 - 6*x**2 + 7*x - 5. Let r be d(5). Suppose r*i - i = 1400. Suppose w = -2*o + 129, -3*o - 2*o + i = -3*w. Is o a prime number?
True
Let s be (-161)/(-49) - (-4)/(-14). Let d be -2 - 136/(-1 + s). Let k = d - -117. Is k a composite number?
False
Let f(o) = 96*o**2 + 4*o + 9. Is f(5) prime?
False
Suppose -3*p + 2*p = 24. Let k = p + 44. Suppose -4*n + 3*u + 224 = 0, -u - k = 4*u. Is n a prime number?
True
Let r(q) = -3*q + 2. Let g be r(2). Let y = g - -7. Suppose y*h = 106 + 41. Is h prime?
False
Let p = 361 + -249. Suppose 3*m = -m + p. Let x = m - -78. Is x a prime number?
False
Suppose 29*n - 28*n - 2589 = 0. Is n a composite number?
True
Let a be 11/(((-10)/6)/(-5)). Suppose 3*c + 162 = 7*c - 2*x, -c + a = -3*x. Suppose -c = n - 137. Is n composite?
True
Let r(n) = n**2 - 2*n + 6. Let y be r(-5). Let c = y - 28. Is c composite?
False
Let l = 1 + 1. Suppose -3*p - l*p = -20. Suppose -p*n + 215 = n. Is n a composite number?
False
Let j = -1893 - -2780. Is j prime?
True
Let d(l) = -7*l - 3. Let q be d(-2). Let z be (-35)/(-11) - 2/q. Suppose 40 = z*c - 53. Is c a prime number?
True
Is 502*((4 - 3) + (-2)/4) prime?
True
Suppose -5*i = -z - 2*i - 10, 4*z + 40 = 5*i. Suppose -r = 3*r - 84. Let x = r - z. Is x prime?
True
Let o(a) = 2*a**2 - 3*a - 2. Suppose -4*h - 4 = 4. Let x be o(h). Suppose 3*v - 18 = x. Is v a prime number?
False
Let q be (2 - 27/6)*36. Let f = 127 + q. Is f prime?
True
Is (2 + 3/4)*52 composite?
True
Let v(j) = j**2 - 13*j + 18. Let t be v(10). Let a = 74 + t. Is a prime?
False
Suppose -4*a - 20 = 0, 4*j - a - 8 = 13. Suppose -4*w + i + 56 = -0*i, j*i - 28 = -2*w. Is w prime?
False
Let z = -13 - -262. Is z a prime number?
False
Suppose -2*n - 2*g = -1548, 0*g = 3*n - 5*g - 2362. Is n prime?
False
Let p(l) = l**3 - 6*l**2 + 4. Let c be p(6). Suppose 0 = c*u + 6 - 238. Is u composite?
True
Suppose 884 = 3*h + 3*t + 188, h + 3*t = 228. Is h/(-27)*(-3)/2 a prime number?
True
Is 1/(-4) - 2538/(-72) composite?
True
Let j = -22 + 24. Is 2 + 45 - -4 - j a composite number?
True
Let m(r) = -6*r - 8. Let p be m(9). Let s = -36 - p. Is s composite?
True
Let a(n) = 2*n**2 + 5*n + 8. Let m be a(-7). Let f = m - 25. Is f a composite number?
True
Suppose 51 + 237 = 2*f. Suppose 5*w - 5*y - 27 - 128 = 0, -y = 4*w - f. Is w a prime number?
False
Let w be (-6)/(-21) + (-124)/(-7). Let x = -1 - -1. Suppose -2*a = -x*a - w. Is a a prime number?
False
Suppose 121*g - 8885 = 116*g. Is g composite?
False
Let i(x) = x**2 + x**3 + 5*x - 7 - 3*x**2 - 4*x**3 + 2*x**3. Is i(-5) a composite number?
False
Let h = 3 - 0. Suppose 5*i = h*c - 32, 0 = -0*c + 2*c + 2*i. Let m(t) = 30*t - 1. Is m(c) a prime number?
False
Suppose 5*p - p - 12 = 0. Suppose 543 = -0*c + p*c. Suppose -3*d + 151 = -2*z, c + 64 = 5*d - 5*z. Is d a prime number?
True
Let p = -24 + 48. Suppose p = 4*k + 3*z + z, k - 5*z + 12 = 0. Is k composite?
False
Let x = 3 - -6. Let c = -5 + x. Suppose -5*r + b = -3*b - 267, 0 = c*r + 2*b - 198. Is r prime?
False
Suppose -y - 4*z = -827, -5*y - 2*z = -3*y - 1672. Is y a composite number?
False
Let u = 3 + -3. Suppose 5*t - 4*h = -u*t + 474, -388 = -4*t + h. Is t/(-4)*4/(-2) a composite number?
True
Let c be 7*((-4)/(-14))/1. Let d be -9*4*(-11)/c. Suppose s - 5*s + d = -5*i, 8 = -4*i. Is s composite?
False
Let v(h) = h**3 + 9*h**2 + 8*h. Let b be v(-8). Suppose d 